3*z + 6. Suppose z*o - 3*b - 33 = 0, 0*o + 20 = 4*o + 4*b. Suppose n - o = 6. What is the tens digit of n?
1
Suppose 1895 = 5*l - 4*w, 3*w = -l - 2*w + 408. What is the units digit of l?
3
What is the tens digit of 194 + -5 + (1 - -1)?
9
Let y(u) = -u**2 - 10*u + 14. Let o be y(-11). Suppose -o*s + 0*n = n - 5, -9 = s - 5*n. Let w = s + 4. What is the units digit of w?
5
Suppose -62 = -4*c - 2*h, -h + 5*h = 5*c - 97. Let y(u) = 15*u - c + u + 18. What is the tens digit of y(1)?
1
Suppose 4 = 3*y + y + 3*t, -2*y + 24 = -4*t. Suppose 3*w - 48 = -5*f, y*w + f - 75 = -2*f. What is the tens digit of (-14)/w*69/(-1)?
4
Suppose 6*w - 10 = w. Suppose 1 = w*j + 3*b - 8, -b - 31 = -5*j. What is the tens digit of -27*(-2)/(-4 + j)?
2
Let u = 596 - -1150. What is the hundreds digit of u?
7
Suppose 7*n - 4978 = 8007. What is the thousands digit of n?
1
Let t(a) = 28*a**2 - 35*a + 8. What is the units digit of t(-7)?
5
Let u(y) = 7*y**2 + 0*y + 5*y - 6*y. Let r be u(-1). Suppose -4 = -3*z + r, -70 = -2*p - 2*z. What is the units digit of p?
1
Suppose -r - 4 = -3*r. Let b = r - 28. What is the units digit of 234/b*(-10)/6?
5
What is the hundreds digit of 2015 + 0 - (12 + (-96)/8)?
0
Let x(p) = 4*p**3 - 5*p**2 + 2*p - 4. What is the tens digit of x(5)?
8
Let y(m) = -31*m**2 + 3*m - 3. Let a(l) = -31*l**2 + 2*l - 2. Let v(x) = -6*a(x) + 4*y(x). What is the tens digit of v(1)?
6
Let h(z) = -z + 19. Let b be h(16). Suppose 0 = 5*o - x - 413, -b*o = -o + 2*x - 170. What is the tens digit of o?
8
Let h = 734 + -381. What is the hundreds digit of h?
3
Suppose -3*w = 3*x - 3, -4*w + x + 32 = -2*x. Suppose -2*j + 218 = 3*d, -11 + 31 = -w*d. What is the tens digit of j?
1
Let j = -15 - -17. Let w(p) = -3 + 7*p**j + 0*p + 5*p - 6*p**2. What is the units digit of w(2)?
1
Suppose 2*p + 0 = -2. Let l(a) = -9*a - 1. Let j be l(p). Suppose 0 = -2*x + 8 + j. What is the units digit of x?
8
Let p = -10 - -12. Suppose 0*a = -a - p. What is the tens digit of 10*((3 - -2) + a)?
3
Let l = -2611 - -5196. Suppose 9*q + 2*q - l = 0. What is the units digit of q?
5
Let a = -5 - 20. Let g = 21 + a. What is the tens digit of 30 - 1/(g/8)?
3
Suppose 3*q = 7*q - 140. Let h(v) = 25*v**2 - 104*v + 3. Let f be h(4). Let l = f + q. What is the tens digit of l?
2
Suppose 0 = -3*v + 3*t + 15, -4*v - 5*t + 52 = -13. Suppose 2*p - v = -0. Suppose 0*r + r = p*b - 7, -r - 2 = -4*b. What is the tens digit of r?
1
Suppose 0 = -4*q + 20. Suppose -2*i = -7*i + 5*m + 20, -q*i + 8 = -2*m. Suppose 4*u + 2 = -l, 2*l + i - 1 = -3*u. What is the units digit of l?
2
Let r be -35*(0 - 10/25). Suppose -3*d + r = -97. What is the tens digit of d?
3
Suppose j - 1079 = 4*o, -3*j + 2139 = -4*o - 1090. What is the hundreds digit of j?
0
Suppose -m - 6652 = -2*s, -4*s - m + 13306 = -2*m. What is the units digit of s?
7
Let m(k) = -2*k + 5. Let x be m(4). Let j(s) = -10*s + 13. What is the tens digit of j(x)?
4
Suppose 4*f = -3*g + 2542, 2*f - 1684 = g - 408. What is the tens digit of f?
3
Suppose s - 498 = -2*s. Suppose -g + o = -4*o - s, o - 643 = -4*g. What is the hundreds digit of g?
1
Let z = 18 - -10. Suppose -3*i = 3, -3*v + i + z = -6. What is the units digit of v?
1
Let c = 470 + -416. What is the units digit of c?
4
Suppose -5*b = -f - 26, 2 = b + 2*f - 1. Suppose -b*d - 64 - 1 = 0. Let z = -7 - d. What is the units digit of z?
6
Suppose -2*p - 6 = -2*a, -a = 3*a - 5*p - 7. Let c = a + -4. What is the units digit of (-24)/(-2) - (c + -3)?
1
Let o(p) = 2*p - 26. Let z be o(0). Let m be z/(-6) - 2/6. Suppose -4*b - 24 = -m*v, b + 4 - 16 = -5*v. What is the units digit of v?
3
Suppose 2492 = -121*j + 135*j. What is the hundreds digit of j?
1
Suppose r + 72 = -3*r. Let t(g) = 2*g + 56. What is the units digit of t(r)?
0
Let u be 2 + (2 - 4) - -3. Suppose c - 71 + u = 0. What is the units digit of c?
8
Let r(f) = -f + 14. Let y be r(15). What is the tens digit of 3 + y - (-5 - (48 + 3))?
5
Let j(a) = -2*a - 8. Let c be j(-6). Let z(h) = c - 5 + 0 + 4*h. What is the tens digit of z(8)?
3
Suppose -17*p - 28*p + 79650 = 0. What is the hundreds digit of p?
7
What is the tens digit of 803 + (-8)/10 + (-12)/10?
0
Suppose 5*k + 40 = -5*p, -k - 16 = 2*p - 5. Let i be (p + 2 + 1)*1. Suppose 136 = 4*h - i*h. What is the tens digit of h?
3
Let q be 7 - 0 - (-7 + 8). Suppose -q*b = -b - 110. What is the units digit of b?
2
Suppose -l + 187 = 3*p, -5*p = -0*l - l + 211. What is the hundreds digit of l?
1
Let g(t) = -3*t**2 - 28*t - 14 + 21*t**2 - 16*t**2. What is the units digit of g(19)?
6
Suppose 60 = 19*y - 14*y. Suppose 0*l - y*l + 1068 = 0. What is the units digit of l?
9
Let r = 10 + -10. Let a be 3/(4 - (3 + r)). Suppose 2*k - 2*i = 20, 2*k + a*k = -i + 32. What is the units digit of k?
7
Suppose 0 = 5*o - 3*o. Suppose -4*d + 2*d + 92 = o. What is the units digit of d?
6
Let d = 101 + -95. What is the units digit of ((-4)/d)/(4612/(-768) - -6)?
8
What is the thousands digit of (-32)/(-2)*((-524)/(-8) - -10)?
1
Let r be (0*(-3)/(-15))/1. Suppose -5*g + 160 + 670 = r. What is the hundreds digit of g?
1
Suppose 4*v - g = 7*v - 7677, 0 = -4*v + 5*g + 10255. What is the tens digit of v?
6
Suppose -6*m + 2361 = -663. What is the tens digit of m?
0
Let f(p) = 17*p - 10. Suppose -5*y - 3 = -23. What is the units digit of f(y)?
8
Let h(y) = -87*y**3 + 7*y**2 - 11*y + 4. Let v(b) = -43*b**3 + 3*b**2 - 5*b + 2. Let g(l) = 2*h(l) - 5*v(l). What is the tens digit of g(1)?
4
Suppose -4*g - 28*g + 28192 = 0. What is the tens digit of g?
8
Suppose 4*p + 852 = -8*p. Let u = p - -104. What is the tens digit of u?
3
Let u(n) = -n**2 + 9*n + 3. Let b be u(9). Suppose 2*o + p = -18, b*o + 21 = -7*p + 4*p. Let l = -7 - o. What is the units digit of l?
4
Suppose -8*h = -5 - 27. Suppose -4*f - 92 = -h*z, -3*f - 17 = -2*z + 33. What is the units digit of z?
9
Let d = 5054 - 1631. What is the thousands digit of d?
3
What is the units digit of 2032/20 + -3 - 4/(-10)?
9
What is the tens digit of (4992/(-512))/(2/(-296))?
4
Let m be (60/(-25))/((-2)/(-10)). What is the hundreds digit of (-4)/48*-1858 - 2/m?
1
Suppose -9*b + 9674 = -6*b - w, 5*b + w - 16134 = 0. What is the units digit of b?
6
Let a(j) = -j**3 - 7*j**2 + 6*j + 140. What is the tens digit of a(-8)?
5
Let q = -75 - -80. Suppose -2*l + 2*m = 2*l - 146, 0 = q*l + 5*m - 160. What is the units digit of l?
5
Suppose -c + 2*c - 7 = -2*w, 3*w - 15 = -3*c. What is the tens digit of (-3 - -31) + w + -1?
2
Let y = -217 - -123. Let g = 206 + y. What is the hundreds digit of g?
1
Let q(o) = o**3 + 11*o**2 + 3*o - 10. Let d be q(-9). Suppose -h + d = 4*h. What is the units digit of h?
5
Let o(n) = 40*n**3 - 3*n**2 + 5*n - 8. Let d be o(3). Suppose 688 = 3*g + 5*r + 58, -d = -5*g - 5*r. What is the hundreds digit of g?
2
Suppose -5*m + 3*p = -197, 3*p + 76 = 2*m - p. Suppose -96 = 4*i - 4*h - 0*h, 24 = -i - 3*h. What is the units digit of 155/m + (-3)/i?
4
Let o(f) = f - 15. Let b be o(13). What is the tens digit of 110 - (0 - b - 6)?
1
Suppose 3*j + 15 = -4*z, -2*z + 3*j - 4*j - 5 = 0. Let q be z + -3 + (-43)/(-1). Let t = 6 + q. What is the units digit of t?
6
Let d(k) = -k**2 + 15*k + 1. Let h be d(-6). What is the hundreds digit of 36/9 + h/(-1)?
1
Let g(w) be the second derivative of 17*w**4/2 - w**3/2 - 3*w**2/2 - 13*w. What is the tens digit of g(-1)?
0
Let b(g) = 0*g - 13 - g + 2 - 3. Let c(q) = q + 14. Let r(u) = -5*b(u) - 4*c(u). What is the tens digit of r(0)?
1
Let b = -17 - -21. Suppose 0 = -b*x - 0*x + 40. Suppose -4*r + 54 = x. What is the units digit of r?
1
Let g(o) = -4*o - 25. Let w be g(-6). What is the units digit of -2*w/4*(-202)/(-1)?
1
Let g = -2548 + 3743. What is the thousands digit of g?
1
Let p = -2650 - -4587. What is the hundreds digit of p?
9
Let z(o) be the third derivative of -7*o**4/8 - 13*o**3 - 7*o**2 - 3*o. What is the tens digit of z(-5)?
2
Suppose 0*q + 1129 = q + 5*v, 3*v - 1121 = -q. What is the hundreds digit of q?
1
Let y = -46 + 41. What is the units digit of (y - (5 + -38))*3?
4
Suppose 0 = -6*u + 2*u - 5*p, u = 3*p. Suppose 0 = l + b - 3*b - 125, u = -4*l - 3*b + 478. What is the hundreds digit of l?
1
Let t(f) be the second derivative of -f**6/720 - f**5/20 - f**4/4 + 2*f. Let k(s) be the third derivative of t(s). What is the units digit of k(-9